actors of 1508.
2, 13, 29
List the prime factors of 344.
2, 43
List the prime factors of 5534.
2, 2767
What are the prime factors of 115840?
2, 5, 181
What are the prime factors of 2312?
2, 17
List the prime factors of 1744.
2, 109
What are the prime factors of 1027?
13, 79
List the prime factors of 18167.
37, 491
List the prime factors of 38485.
5, 43, 179
What are the prime factors of 5282?
2, 19, 139
What are the prime factors of 1061?
1061
What are the prime factors of 959?
7, 137
List the prime factors of 42856.
2, 11, 487
What are the prime factors of 1212?
2, 3, 101
What are the prime factors of 3696?
2, 3, 7, 11
What are the prime factors of 10376?
2, 1297
List the prime factors of 519.
3, 173
What are the prime factors of 7282?
2, 11, 331
List the prime factors of 134803.
23, 5861
What are the prime factors of 158?
2, 79
What are the prime factors of 35190?
2, 3, 5, 17, 23
List the prime factors of 10923.
3, 11, 331
List the prime factors of 69897.
3, 23, 1013
List the prime factors of 1178.
2, 19, 31
What are the prime factors of 14634?
2, 3, 271
List the prime factors of 741.
3, 13, 19
List the prime factors of 1090.
2, 5, 109
What are the prime factors of 2071?
19, 109
What are the prime factors of 18588?
2, 3, 1549
What are the prime factors of 1481?
1481
What are the prime factors of 53712?
2, 3, 373
List the prime factors of 465.
3, 5, 31
What are the prime factors of 7108?
2, 1777
List the prime factors of 1153.
1153
What are the prime factors of 11618?
2, 37, 157
What are the prime factors of 38391?
3, 67, 191
List the prime factors of 1593.
3, 59
List the prime factors of 8765.
5, 1753
List the prime factors of 15153.
3, 5051
List the prime factors of 3614.
2, 13, 139
What are the prime factors of 105705?
3, 5, 29
List the prime factors of 789.
3, 263
List the prime factors of 75601.
19, 23, 173
List the prime factors of 26982.
2, 3, 1499
What are the prime factors of 158375?
5, 7, 181
What are the prime factors of 58134?
2, 3, 9689
List the prime factors of 2861.
2861
List the prime factors of 569.
569
List the prime factors of 40468.
2, 67, 151
What are the prime factors of 54487?
23, 103
What are the prime factors of 21664?
2, 677
What are the prime factors of 600?
2, 3, 5
What are the prime factors of 27830?
2, 5, 11, 23
What are the prime factors of 2076?
2, 3, 173
What are the prime factors of 2112?
2, 3, 11
What are the prime factors of 1743?
3, 7, 83
List the prime factors of 2387.
7, 11, 31
List the prime factors of 6296.
2, 787
List the prime factors of 22538.
2, 59, 191
What are the prime factors of 24571?
24571
What are the prime factors of 515?
5, 103
List the prime factors of 11769.
3, 3923
What are the prime factors of 1023?
3, 11, 31
What are the prime factors of 643?
643
List the prime factors of 1277.
1277
List the prime factors of 887.
887
List the prime factors of 16616.
2, 31, 67
List the prime factors of 37100.
2, 5, 7, 53
List the prime factors of 6798.
2, 3, 11, 103
List the prime factors of 7396.
2, 43
List the prime factors of 2221.
2221
What are the prime factors of 68911?
137, 503
What are the prime factors of 17349?
3, 5783
What are the prime factors of 84394?
2, 42197
What are the prime factors of 10033?
79, 127
List the prime factors of 1709.
1709
What are the prime factors of 8522?
2, 4261
What are the prime factors of 3000?
2, 3, 5
What are the prime factors of 3387?
3, 1129
What are the prime factors of 1063?
1063
What are the prime factors of 1568?
2, 7
List the prime factors of 9209.
9209
List the prime factors of 2428.
2, 607
What are the prime factors of 156295?
5, 31259
List the prime factors of 1187.
1187
List the prime factors of 71790.
2, 3, 5, 2393
What are the prime factors of 17273?
23, 751
List the prime factors of 1164.
2, 3, 97
What are the prime factors of 33244?
2, 8311
List the prime factors of 7149.
3, 2383
What are the prime factors of 2202?
2, 3, 367
What are the prime factors of 935?
5, 11, 17
What are the prime factors of 10075?
5, 13, 31
List the prime factors of 12881.
11, 1171
What are the prime factors of 7231?
7, 1033
List the prime factors of 4174.
2, 2087
What are the prime factors of 315?
3, 5, 7
What are the prime factors of 12527?
12527
What are the prime factors of 750?
2, 3, 5
What are the prime factors of 77766?
2, 3, 13, 997
What are the prime factors of 1691?
19, 89
What are the prime factors of 11755?
5, 2351
List the prime factors of 6087.
3, 2029
What are the prime factors of 1882?
2, 941
What are the prime factors of 467?
467
List the prime factors of 10467.
3, 1163
List the prime factors of 78251.
17, 4603
List the prime factors of 51272.
2, 13, 17, 29
What are the prime factors of 29457?
3, 1091
List the prime factors of 56974.
2, 61, 467
What are the prime factors of 38752?
2, 7, 173
What are the prime factors of 14036?
2, 11, 29
List the prime factors of 821.
821
What are the prime factors of 3146?
2, 11, 13
What are the prime factors of 3381?
3, 7, 23
List the prime factors of 66129.
3, 7, 47, 67
List the prime factors of 1805.
5, 19
What are the prime factors of 14993?
11, 29, 47
What are the prime factors of 1560?
2, 3, 5, 13
What are the prime factors of 3215?
5, 643
List the prime factors of 71165.
5, 43, 331
List the prime factors of 12145.
5, 7, 347
List the prime factors of 60626.
2, 30313
List the prime factors of 1512.
2, 3, 7
What are the prime factors of 97120?
2, 5, 607
What are the prime factors of 29203?
19, 29, 53
What are the prime factors of 1104?
2, 3, 23
List the prime factors of 102.
2, 3, 17
What are the prime factors of 1852?
2, 463
List the prime factors of 49608.
2, 3, 13, 53
List the prime factors of 37717.
37717
What are the prime factors of 17052?
2, 3, 7, 29
List the prime factors of 33819.
3, 11273
List the prime factors of 1696.
2, 53
What are the prime factors of 6369?
3, 11, 193
List the prime factors of 818.
2, 409
List the prime factors of 56239.
56239
What are the prime factors of 14244?
2, 3, 1187
List the prime factors of 1192.
2, 149
What are the prime factors of 880?
2, 5, 11
What are the prime factors of 80505?
3, 5, 1789
What are the prime factors of 189?
3, 7
List the prime factors of 310.
2, 5, 31
What are the prime factors of 4294?
2, 19, 113
List the prime factors of 1257.
3, 419
What are the prime factors of 12543?
3, 37, 113
List the prime factors of 1334.
2, 23, 29
List the prime factors of 719.
719
List the prime factors of 18403.
7, 11, 239
What are the prime factors of 2960?
2, 5, 37
What are the prime factors of 5995?
5, 11, 109
What are the prime factors of 44447?
13, 263
What are the prime factors of 464?
2, 29
What are the prime factors of 5335?
5, 11, 97
What are the prime factors of 8297?
8297
List the prime factors of 1564.
2, 17, 23
List the prime factors of 7825.
5, 313
What are the prime factors of 29472?
2, 3, 307
What are the prime factors of 49?
7
What are the prime factors of 20547?
3, 761
What are the prime factors of 1378?
2, 13, 53
List the prime factors of 710.
2, 5, 71
List the prime factors of 1473.
3, 491
What are the prime factors of 1479?
3, 17, 29
What are the prime factors of 7715?
5, 1543
What are the prime factors of 4757?
67, 71
List the prime factors of 13614.
2, 3, 2269
What are the prime factors of 48832?
2, 7, 109
What are the prime factors of 11435?
5, 2287
What are the prime factors of 151?
151
List the prime factors of 1665.
3, 5, 37
List the prime factors of 117658.
2, 89, 661
What are the prime factors of 174904?
2, 21863
List the prime factors of 43592.
2, 5449
What are the prime factors of 1007?
19, 53
What are the prime factors of 797?
797
What are the prime factors of 1880?
2, 5, 47
List the prime factors of 1917.
3, 71
List the prime factors of 2919.
3, 7, 139
List the prime factors of 326.
2, 163
List the prime factors of 37452.
2, 3, 3121
List the prime factors of 1750.
2, 5, 7
What are the prime factors of 87875?
5, 19, 37
What are the prime factors of 5589?
3, 23
What are the prime factors of 1144?
2, 11, 13
List the prime factors of 32724.
2, 3, 101
What are the prime factors of 1232?
2, 7, 11
List the prime factors of 17437.
7, 47, 53
What are the prime factors of 4589?
13, 353
What are the prime factors of 1170?
2, 3, 5, 13
What are the prime f